at is 10 + -10100100010011010?
-10100100010011000
In base 5, what is 4 + 4303223?
4303232
In base 10, what is 2 + 137694?
137696
In base 2, what is 100 + 10011100111110110?
10011100111111010
In base 9, what is 107154 - -1?
107155
In base 15, what is 6b + -122?
-a6
In base 8, what is 0 - 1350516?
-1350516
In base 11, what is -7a7 + -93?
-88a
In base 8, what is 3377365 - -1?
3377366
In base 5, what is -1321 + 440?
-331
In base 3, what is 22010212 - -111?
22011100
In base 12, what is 13 + -79300?
-792a9
In base 4, what is -2 + -11121302?
-11121310
In base 8, what is -40 + 10466?
10426
In base 12, what is 2022843 + 0?
2022843
In base 7, what is 142 - 5264?
-5122
In base 3, what is 12 - -12020000?
12020012
In base 11, what is 8 + 671716?
671723
In base 11, what is 23 + 3011a?
30142
In base 14, what is 1cba2 + 27?
1cbc9
In base 3, what is 200200 - -11001?
211201
In base 16, what is 3b54 + -3?
3b51
In base 16, what is -e - 120c?
-121a
In base 9, what is 13 + 646508?
646522
In base 8, what is 1713 - -2103?
4016
In base 8, what is -727034 - -5?
-727027
In base 16, what is 471 + c1?
532
In base 12, what is 299 + -84?
215
In base 2, what is -10001100 - 1111101?
-100001001
In base 5, what is 141120 + 1331?
143001
In base 13, what is 3 + 2922?
2925
In base 13, what is -15 - 17a07?
-17a1c
In base 6, what is -2435 - -1121?
-1314
In base 10, what is 1 + 9795?
9796
In base 7, what is 3 + 425606?
425612
In base 2, what is 1011011 - -1100101001?
1110000100
In base 12, what is 14526 - -22?
14548
In base 5, what is -22120220 - -2?
-22120213
In base 10, what is 1 + -804747?
-804746
In base 9, what is -1602 - 1646?
-3348
In base 9, what is 10180 - -815?
11105
In base 2, what is 1111 - -11001101?
11011100
In base 11, what is -23 - -329?
306
In base 12, what is -1002 + 107?
-ab7
In base 15, what is 7 + -2437?
-2430
In base 6, what is 332 + 1210?
1542
In base 4, what is 202020 - -31?
202111
In base 10, what is 66593 - 3?
66590
In base 8, what is 7076 - 3217?
3657
In base 12, what is 3 - 11b3?
-11b0
In base 11, what is 6991 - -164?
7045
In base 10, what is -487 + -1366?
-1853
In base 10, what is 81 - 3403?
-3322
In base 4, what is -11 + -1020310110?
-1020310121
In base 3, what is 200 + 101110110?
101111010
In base 16, what is b24 + 13?
b37
In base 16, what is -32f9 + ef?
-320a
In base 9, what is 81432 - -2?
81434
In base 6, what is -1223340 - 4?
-1223344
In base 5, what is -1214 - 334?
-2103
In base 16, what is 20b6c + -5?
20b67
In base 14, what is -7 - -1a7?
1a0
In base 3, what is 20002202012 - -1?
20002202020
In base 7, what is 2262 + -4?
2255
In base 15, what is 2e + 25d?
28c
In base 14, what is 8 + -24d9?
-24d1
In base 15, what is -8beac - 2?
-8beae
In base 15, what is e0b20 + 4?
e0b24
In base 2, what is 11 - -1010011101010?
1010011101101
In base 4, what is 2203211130 + -3?
2203211121
In base 13, what is 23c1 - -33?
2424
In base 4, what is 210301 + 100?
211001
In base 11, what is -181 + 658?
487
In base 16, what is 8bd8 - 4?
8bd4
In base 15, what is -1 - -9e937?
9e936
In base 5, what is -4 + -1101141?
-1101200
In base 5, what is 23030201 - 10?
23030141
In base 10, what is 4 + 8701?
8705
In base 16, what is -e241 + -4?
-e245
In base 4, what is -2013212230 + 0?
-2013212230
In base 4, what is 120320 + 1203?
122123
In base 7, what is -526612 + 43?
-526536
In base 16, what is -8531 - -7c?
-84b5
In base 10, what is 3 - -110094?
110097
In base 9, what is 715 + -5368?
-4553
In base 2, what is 1 + 1111101111000?
1111101111001
In base 11, what is 145 - -14a?
294
In base 7, what is -410 - -4?
-403
In base 3, what is -22111102101 - -12?
-22111102012
In base 15, what is -3 - 1834b?
-1834e
In base 4, what is -1111312 - -3?
-1111303
In base 8, what is -1231 - -73?
-1136
In base 16, what is 5311d + 5?
53122
In base 15, what is 2 - -7159e?
715a1
In base 10, what is 1 - -998?
999
In base 12, what is 2 + 8a?
90
In base 16, what is -1308 + 0?
-1308
In base 11, what is 16 + -919?
-903
In base 3, what is -2022022 + -211112?
-10010211
In base 3, what is -10 - 10021200120?
-10021200200
In base 16, what is 22 - -12d4?
12f6
In base 2, what is -10011 - 1000001010110000?
-1000001011000011
In base 12, what is -3a59 + -4?
-3a61
In base 10, what is -116790 + 1?
-116789
In base 2, what is -11 + 111110?
111011
In base 7, what is 1223 + -263?
630
In base 12, what is 166a + -106?
1564
In base 3, what is 120 + -1021?
-201
In base 9, what is -171 + 1035?
754
In base 9, what is 18005 - -61?
18066
In base 16, what is -8d2 + -11?
-8e3
In base 5, what is -202442222 + 2?
-202442220
In base 15, what is -410773 - -1?
-410772
In base 3, what is -1001102211000 + -1?
-1001102211001
In base 6, what is 414 - -11132?
11550
In base 4, what is -202 + 132022?
131220
In base 15, what is -41 - 16b78?
-16bb9
In base 5, what is -1 - -1310300?
1310244
In base 5, what is 132114 + -133?
131431
In base 16, what is -5 - -4b3f1?
4b3ec
In base 2, what is 1000 + 100010001001111000?
100010001010000000
In base 4, what is 13 - -10213101?
10213120
In base 11, what is 1a + a95?
1004
In base 13, what is -5 - -377a8?
377a3
In base 9, what is -463 - 1865?
-2438
In base 12, what is -b + 52079?
5206a
In base 9, what is 38601 + 1?
38602
In base 4, what is -121033 + 3002?
-112031
In base 6, what is -103 + -304540?
-305043
In base 7, what is -640036 + -1?
-640040
In base 8, what is -61054 - 5?
-61061
In base 2, what is 100000010010 - -1100?
100000011110
In base 12, what is -254b + 15b?
-23b0
In base 11, what is -3 - -8508a?
85087
In base 16, what is a8d4c + -4?
a8d48
In base 3, what is 12012111 + 10201?
12100012
In base 15, what is a521 - 5?
a51b
In base 11, what is 463421 + -1?
463420
In base 14, what is 154ac - 8?
154a4
In base 10, what is -10 + -27468?
-27478
In base 14, what is -75 + -258?
-2cd
In base 15, what is d5 + -181d?
-1738
In base 8, what is -14507 - 1030?
-15537
In base 3, what is 201211221 + -12?
201211202
In base 2, what is 11 - 11011100111000111001?
-11011100111000110110
In base 10, what is -2155 + -5?
-2160
In base 8, what is 0 - 456251?
-456251
In base 13, what is -34 - -59c?
568
In base 16, what is -589 - -575?
-14
In base 12, what is -1921 + 123?
-17ba
In base 9, what is -6777 - 4?
-6782
In base 8, what is 414040 - -50?
414110
In base 16, what is -2a898 - -12?
-2a886
In base 6, what is -2 - -12405353?
12405351
In base 6, what is 4 - -502?
510
In base 2, what is -1101101111 + -10111?
-1110000110
In base 4, what is -2 - -323313?
323311
In base 2, what is 10 + -100000101001010?
-100000101001000
In base 11, what is -a + -8a6?
-905
In base 2, what is -10011010011000110 - -10?
-10011010011000100
In base 14, what is 4c0 + -d?
4b1
In base 2, what is 100010100111 - 0?
100010100111
In base 16, what is -381 - 48d?
-80e
In base 3, what is 22211220 + 201?
22212121
In base 14, what is -7d218 + 2?
-7d216
In base 14, what is 8 - -108b8?
108c2
In base 3, what is 1010 - -20202201?
20210211
In base 11, what is -1975 + 22?
-1953
In base 14, what is -12a2b + -a?
-12a37
In base 10, what is -10897 + 1?
-10896
In base 14, what is a2 + 201?
2a3
In base 2, what is 1110010 + -1100001?
10001
In base 6, what is -32250 + 50?
-32200
In base 15, what is -5be - -1e?
-5a0
In base 4, what is -22302 - -23?
-22213
In base 16, what is 11a + 30?
14a
In base 9, what is 18 - 181?
-162
In base 10, what is -57 - 9708?
-9765
In base 11, what is 92 + -87a4?
-8712
In base 14, what is -171a + 6a?
-1690
In base 3, what is 2212010 - -1122?
2220202
In base 9, what is 1 + -837437?
-837436
In base 11, what is -a01694 - 2?
-a01696
In base 14, what is 8a6bc + -2?
8a6ba
In base 16, what is 130 - 288?
-158
In base 9, what is 844381 - 1?
844380
In base 12, what is -1b3794 - -5?
-1b378b
In base 16, what is 7f0 - -262?
a52
In base 2, what is 1001000010 - -100100110101?
101101110111
In base 15, what is -b6 - -186?
c0
In base 10, what is 2 - 196019?
-196017
In base 4, what is -2003120 - -10?
-2003110
In base 7, what is 13 + 1413?
1426
In base 12, what is 2 + 5399?
539b
In base 6, what is 10130 - -4?
10134
In base 6, what is -403 + 555022?
554215
In base 2, what is -111011 - -11010110110?
11001111011
In base 4, what is 3123 - 20?
3103
In base 16, what is -1c27 - -8?
-1c1f
In base 9, what is 5 - -1525?
1531
In base 2, what is 11101 - -1000011101000110?
1000011101100011
In base 7